s) = -s + 3. Determine g(u).
-1
Let j(x) be the first derivative of x**3/3 + 7*x**2/2 - 10*x - 45. Determine j(-9).
8
Suppose -4*o + 2*d = 18, -2*o = 3*d + 1 - 4. Let x(y) = -y**2 - 4*y - 6. What is x(o)?
-3
Let y(d) = 1. Let w(b) = b**3 + b**2 - b - 14. Let i(h) = w(h) + 4*y(h). Let x(f) = 9*f**2 - 258*f - 87. Let s be x(29). What is i(s)?
-10
Let n(w) = -w**3 + 9*w**2 - 11*w + 4. Let h be n(7). Suppose -4*r + 11 = -h. Let z(j) = -r + j + 24 - 32. What is z(0)?
-17
Let c(g) be the first derivative of -g**2/2 - g - 107. Let w(y) = -y + 4 + 4*y - 2*y. Let z(a) = -3*c(a) - w(a). Give z(3).
5
Let p(b) = b**3 + 2*b**2 - 7*b + 8. Let i be p(-4). Suppose -2*r = 2*r - 4. Let o(k) = 2*k - 5*k + 5 + 2 - r. Determine o(i).
-6
Let y be 356/18 + (-3 - (-116)/36). Let t = y - 20. Let p(f) = f - 12. Determine p(t).
-12
Suppose 0 = 3*i + 5*n + 44, 0 = -i + 2*n - 0*n - 22. Let c be (-112)/i - 10/45. Let g(z) = z**2 - 5*z + 3 - 3 + 3. What is g(c)?
9
Let j be -3 + 7 + -8 + 6. Let s(i) = 2*i**3 - 2*i**2 + i + 2. Determine s(j).
12
Let x be (-10)/(-40) + 17*(-1)/4. Let v(u) = -4. Let t(o) = o - 11. Let h(b) = 2*t(b) - 7*v(b). Determine h(x).
-2
Let l be 1/(-2*(-2)/(-4)). Suppose 4*x - 20 = -x - 4*g, -4*g = 0. Let t = l + x. Let i(u) = -2*u**2 - u + 4. Give i(t).
-17
Let j(z) = -4*z + 2. Suppose 19*h + 36 = 10*h. Calculate j(h).
18
Let g(x) = -2*x**2 - 3*x - 3. Let n(h) = h**2 + h. Let y(t) = g(t) + 3*n(t). Suppose z - 2 = 2*i, 4*i + 0*z + 24 = -3*z. Calculate y(i).
6
Let v(i) = i - 7. Suppose 0 = -15*s - 68*s + 996. Give v(s).
5
Suppose -3*f - 16 = -j, j + 11 = -5*f - 5. Let z(a) = -a**3 - 5*a**2 - 3*a + 2. Calculate z(f).
-2
Let r(g) be the first derivative of g + 1/3*g**3 - 3/2*g**2 - 28. Calculate r(1).
-1
Let t(i) = -i**3 + 6*i**2 - 7*i + 4. Let l(m) = m - 5. Let k be l(6). Suppose -2*v - 5 = k. Let f(s) = -s + 2. Let n be f(v). Give t(n).
-6
Let l(b) = b**3 + 10*b**2 + 6*b - 11. Suppose 99 = -16*o - 45. Determine l(o).
16
Let k = 7 - 1. Let b be 196/k*42/28. Let n(i) = i - 47 + 99 - b. Calculate n(7).
10
Let t(q) = -118*q**2 - 14*q - 13. Let p be t(-1). Let d = -110 - p. Let b(a) = -a**2 + 8*a - 6. Determine b(d).
1
Suppose -122 = 2*y - 86. Let z(b) = 3*b + 55. Give z(y).
1
Let q(t) = -12*t**2 - 7*t + 35. Let d(p) = -7*p**2 - 4*p + 19. Let k(z) = -7*d(z) + 4*q(z). What is k(-3)?
16
Let m(i) = -i**3 - 7*i**2 + 6*i - 10. Suppose r - 3*j = -20, -r + 3*j = r + 28. Determine m(r).
6
Let i(p) = 2*p + 29*p**3 - 2*p**2 + 6*p + 6 - 30*p**3 - 2. Let b(a) = -a**2. Let l(n) = 5*b(n) + i(n). Calculate l(-8).
4
Let v(n) be the first derivative of 1/6*n**3 + 1 - 4*n + 7/2*n**2. Let d(k) be the first derivative of v(k). Determine d(0).
7
Let a(f) = f**3 + 5*f**2 + 3*f + 3. Let w = 44 - 34. Suppose 2*j = 2*k + 5*j - 9, -5*k + w = 5*j. What is a(k)?
12
Let x(o) be the second derivative of -5*o**4/12 - o**3/6 + o**2/2 - o. Let t(l) = l**2 + 13*l + 31. Let f be t(-3). What is x(f)?
-5
Suppose 0 = -3*g - 3*g + 24. Let s be 195/(-27) - 4/(-18). Let h(t) = -9*t + 4. Let c(v) = -4*v + 2. Let y(x) = s*c(x) + 3*h(x). Determine y(g).
2
Let c(h) = -2*h + 12. Let a(j) = -3*j + 24. Let f(b) = 3*a(b) - 5*c(b). Determine f(-6).
6
Let t(j) = 10*j + 2. Let b(a) = -6*a. Let p(q) = 2*b(q) - t(q). Calculate p(1).
-24
Let m(z) = 6*z**2 + 3*z**3 + 1255*z + 6 - 4*z**3 - 1249*z. Determine m(7).
-1
Let q(x) = x**3 + 4*x**2 - 13*x - 4. Let k be q(-6). Let t(u) = -u**3 + u**2 + 2. Give t(k).
-2
Let q(w) = -w**3 - 8*w**2 - 7*w. Suppose -403 = -4*f + b, -5*f + 733 - 221 = -4*b. Let d = -107 + f. Determine q(d).
0
Let t(q) = -3*q**3 + 6*q**2 + 5*q - 2. Let j(m) = -2*m**3 + 5*m**2 + 5*m - 1. Let n(p) = -4*j(p) + 3*t(p). Let b = 642 + -645. Determine n(b).
22
Suppose 11 = -g + 2*m, -13*g + 9*g - m = 17. Let u(h) = 3*h - 5. Calculate u(g).
-20
Let q(r) = -13*r**3 - 5*r**2 + 4*r + 7. Let n(u) = 24*u**3 + 8*u**2 - 7*u - 14. Let h(b) = 6*n(b) + 11*q(b). Let v(p) = -p**2 + p + 7. Let i be v(0). Give h(i).
7
Let k(f) = 46*f**3 + 6*f**2 + 20*f + 3. Let u(y) = -47*y**3 - 5*y**2 - 15*y - 2. Let j(z) = -3*k(z) - 4*u(z). Give j(-1).
-49
Let q(n) = -28 + 46*n + 3*n**3 - n**3 - 45*n - n**3. Calculate q(0).
-28
Let q = -61 + 82. Suppose -q*h = -26*h. Let r(x) = x + 9. Determine r(h).
9
Let j(w) = -2*w**3 - 38*w**2 + 2*w + 45. Let m be j(-19). Let t(z) = z**2 - 11*z - 3. What is t(m)?
-31
Let x(d) = 3*d + 1. Let z(p) be the third derivative of -p**6/120 - 7*p**5/60 - 7*p**4/24 - 13*p**3/6 - p**2. Let j be z(-6). Give x(j).
-20
Let v(i) = i**2 - 7*i + 8. Let q be v(6). Let a(h) be the third derivative of -1/12*h**4 + 0 + 1/3*h**3 + 0*h**5 + 0*h + 10*h**2 + 1/120*h**6. Give a(q).
6
Let j = 10 - 7. Let c(f) = -2 + 4*f**2 - 4 + 3*f - f**3 + 3*f**3 - 3*f**j. Let h = 246 - 242. Calculate c(h).
6
Suppose -w = -2*p - 2, -2*w - 3*w + 5*p + 15 = 0. Suppose -w*u = -16 - 8. Let d(f) be the first derivative of -f**3/3 + 3*f**2 - 4*f - 53. Determine d(u).
-4
Let i = -4 - -1. Let v(y) = 5*y**3 + 3*y**2 + y + 2. Let g(n) = -7*n**3 - 3*n**2 - 2*n - 4. Let u(o) = 2*g(o) + 3*v(o). Determine u(i).
1
Let j(s) = s**3 + 5*s**2 - 2*s - 6. Let n = 23 - 20. Suppose 5*y + 31 = -n*m + y, 0 = -y - 4. Determine j(m).
4
Let i(z) = 43 - z + 33 + 30 - 119. Give i(-7).
-6
Let g(u) = -1 - 4*u**3 + u**2 - 2*u**3 + 11*u**3 + u - 6*u**3. Let o(r) = -2*r - 26. Let t be o(-13). What is g(t)?
-1
Let k(i) = -2*i**3 + 2*i**2 + i. Let x be (-48)/(-18)*6/4. Suppose 3*m - x*m = -2. Give k(m).
-6
Let i(l) = -7*l**3 - 1 + 14*l**3 + 2*l - 14*l**3. Determine i(1).
-6
Let c(v) = 837 - 1684 + 3*v + 841. Calculate c(4).
6
Let q(f) = -1. Let l(b) = b + 5. Let p(s) = l(s) + 3*q(s). Give p(0).
2
Suppose p = -2*p. Suppose p = -w - 3 + 5. Let o(b) = 3*b**3 - 3*b**2 + 2*b + 2. What is o(w)?
18
Let f(j) = -j**2 - 5*j - 4. Let k be f(-4). Suppose k = 6*t - t - i - 42, 0 = -t - 2*i + 15. Let c(d) = 2 - 10*d**2 + 2*d - 3 + t*d**2. What is c(3)?
-4
Suppose 0 = -9*n + 11*n. Suppose n = 8*g - 6*g. Let r(w) = -2 + 0*w - w + g*w**2 + w**2 - 3*w. Determine r(5).
3
Suppose 48 = 13*g + 113. Let n(i) = i**2 + 7*i + 9. What is n(g)?
-1
Let o(q) be the second derivative of 5*q - 1/6*q**3 - q**2 + 0. Let a be (-3)/(3/(-2)*1). Calculate o(a).
-4
Let t(b) = -20*b - 24 + 28*b + 30. What is t(-4)?
-26
Let d(a) = 7*a - 5*a + 6*a + a - 2*a - 7. What is d(3)?
14
Let z be 2/6 - (-50)/(-15). Let g(s) be the first derivative of 2*s - s**2 + 2 + 2/3*s**3 + 1/4*s**4. Determine g(z).
-1
Let y(t) = -t**3 + 7*t**2 + 2. Let u be y(7). Let c(d) = 0*d - 7*d + 3*d**2 + 2*d - 2*d**u. Calculate c(6).
6
Let q = 405 + -405. Let r(v) = v**3 + v**2 + v + 7. Give r(q).
7
Let x be (1 - -9)*2/(-5). Let o(a) = 2*a - 18. Let w be o(10). Let t(z) = -5*z**w - z**3 - z - 2*z - 8 + 7. Give t(x).
-5
Let y(c) be the first derivative of 2*c**3/3 - 27*c**2/2 + 9*c - 32. Let h be y(13). Let s(j) = j**2 - 4. Determine s(h).
12
Let y(q) = 5*q**2 - 8*q - 1. Let d(k) = -11*k**2 + 16*k + 3. Let l(h) = 4*d(h) + 9*y(h). Suppose -14 = -4*p - 2*v, 3*p - 26*v + 2 = -30*v. Give l(p).
-9
Let m = -19 - -30. Let c = m + -10. Suppose 0 = -p - 0 - c. Let q(z) = -8*z**2 - z. Calculate q(p).
-7
Suppose -y + 4*u = -3*y + 8, 4*y = 5*u + 3. Let q be y/7 + (-48)/(-28). Let d(f) = 3*f**2 + q - f - f**2 - 3*f - f**2. Calculate d(2).
-2
Let m(x) = x**2 + 8*x + 13. Let t(w) = 3*w**2 + 25*w + 40. Let h(v) = -7*m(v) + 2*t(v). Let z(b) be the first derivative of h(b). Determine z(5).
-16
Let w(z) = 21*z - 102. Let m(v) = 20*v - 103. Let a(g) = -4*m(g) + 3*w(g). Give a(6).
4
Let o(v) be the first derivative of v**3/3 - 4*v**2 + 4*v - 2. Suppose y + 3 = 7. Let b be (3 + -2)/(y/12). Give o(b).
-11
Suppose 9*g + g = 30. Let a(i) = -55*i + i**g + 53*i - 3 + 7*i**2 - 3*i**2. Suppose -2*x = -q + 3*q, 0 = -2*q - 5*x + 12. What is a(q)?
5
Let h(g) = -g**3 - 3*g**2 + g + 1. Let w be ((1 - -1) + -1)/((-2)/(-34)). Suppose 0 = -5*k + 15, -4*k = -q - w + 3. Give h(q).
-5
Let i = -3 + 3. Let z(p) = -p**3 + p + 6. Let u be z(i). Let r(n) = -3*n**2 - n**3 - 4*n - u - 3*n**2 + 2. Give r(-5).
-9
Let l(d) = -2*d - 14. Suppose 0 = 2*v + 1 + 5. Let g(k) = 2*k + 13. Let s(m) = v*g(m) - 2*l(m). Calculate s(-8).
5
Let r = -12 + 6. Let y(l) = l**2 + 6*l + 4. What is y(r)?
4
Let b(i) = i**3 - 12*i**2 - 6*i - 15. Let m be b(12). Let g = -80 - m. Let n(h) = 3*h - 10. Give n(g).
11
Le